.
3, 7, 11
Let h(m) = m + 12. Let p be h(-9). Suppose p*s = 2*t + 2*t - 529, -4*s = 5*t - 700. What are the prime factors of t?
2, 17
Suppose 0 = -24*k + 20*k + 1444. What are the prime factors of k?
19
Let v = 155 - 147. What are the prime factors of v?
2
Let t = -195 + -125. Let g = t + 475. Suppose -g = -5*u + 5*w, 4*u - 3*w - 56 = 64. What are the prime factors of u?
3
Let m(d) be the first derivative of -d**4/4 - d**3 - 2*d**2 - 3*d + 1. Suppose 72*f = 79*f + 21. List the prime factors of m(f).
3
Let d(c) = -c**2 + c + 3. Let v be d(-3). Let h = 5 - v. List the prime factors of h.
2, 7
Let b be (9/(-6))/((-1)/2). Suppose -3 = b*h - 3*t, -3*h - 4*t + 17 = -3*t. Suppose 0 = -q + s - h*s + 14, -4*q + 108 = -s. List the prime factors of q.
2, 13
Let q(z) = 10*z**3 - 4*z**2 + 2*z - 5. Let r(j) = -11*j - 20. Let p be r(-2). What are the prime factors of q(p)?
3, 7
Suppose 4*t = 10*t - 30. Suppose 0*k + 212 = -2*k + 5*s, 3*k - t*s + 318 = 0. Let q = -74 - k. List the prime factors of q.
2
Let u = -854 - -4178. What are the prime factors of u?
2, 3, 277
Suppose -10*f + 864 = -2*f. List the prime factors of (14/(-28))/((-2)/f).
3
Let d be (-2)/8 + (-63)/(-12). Suppose -s + d*s = 316. List the prime factors of s.
79
List the prime factors of (2*-2*-13)/((-41)/(-410)).
2, 5, 13
Suppose f + 3*g + 17 = -0*f, 0 = -3*f - 4*g - 31. List the prime factors of (-4)/f - (-1105)/25.
3, 5
Suppose -74 = -0*q + 2*q. Let s = 65 + q. Suppose p + s = 2*p. What are the prime factors of p?
2, 7
Suppose -4*j + 0*y - 2*y = 228, -2*j + 5*y - 90 = 0. Let l = j - -101. Let g = -31 + l. What are the prime factors of g?
3, 5
Let r = 24 - 17. Let s = r + -4. Suppose -s*k + 64 = k. List the prime factors of k.
2
Suppose 0 = 2*c - 3*t - 24 + 7, 0 = 3*c - 5*t - 27. Suppose r - 12 = c*b, 2*b = -3*b - r - 15. List the prime factors of (-1 - 9/b) + 6.
2
Let p = 152 + -29. Suppose p = -2*r + 3*r. List the prime factors of (-12)/(-30) + r/5.
5
Let n be 337*(5 + -4 + 0). Let s = n - 135. List the prime factors of s.
2, 101
Suppose 2*t + 0*p - 3*p - 10 = 0, -6 = -5*t - 2*p. Suppose t*j = -3*j. Suppose -o - 2*n = 2*o - 47, 2*o - n - 29 = j. What are the prime factors of o?
3, 5
Let w(s) = 95*s**2 - 19*s + 201. List the prime factors of w(6).
3, 7, 167
Let c = -2130 + 3228. What are the prime factors of c?
2, 3, 61
Let l(q) = 2*q**2 - 17*q - 32. What are the prime factors of l(22)?
2, 281
Let n(a) = 2925*a**3 - 10*a**2 + 17 - 7 - 2926*a**3. Suppose -o = 2*o + 30. List the prime factors of n(o).
2, 5
Let g = -60 - -104. Suppose 7*w - 26 = g. What are the prime factors of w?
2, 5
Let a = 0 + 4. Let o(z) = -2*z**2 + 0*z + a + 4*z - 5*z**2 + 2*z**3 + 0*z**2. List the prime factors of o(4).
2, 3
Let m = 1 - -1. Let r(c) = -7*c**2 - 3*c + 4. Let x(g) = -7*g**2 - 4*g + 5. Let p(o) = -6*r(o) + 5*x(o). List the prime factors of p(m).
5
Suppose 80 = 4*m - 68. Let o = 148 + m. What are the prime factors of o?
5, 37
Let s = -4296 - -6221. What are the prime factors of s?
5, 7, 11
Let l be (-15)/(-3)*(-36)/15. Let h be l*(-2 + (3 - -2)). What are the prime factors of (h/10)/(4/(-20))?
2, 3
Suppose y + 17 = 2*y. Suppose y*j - 832 = 13*j. What are the prime factors of j?
2, 13
Suppose -4*n = -5*n + 7. Suppose n = -2*k - 5*w - 4, -2*w = 3*k. Suppose -6*h = -k*h - 108. What are the prime factors of h?
3
Let f = 2876 - 1377. What are the prime factors of f?
1499
Suppose 2*b = 13 - 3. Let v(u) = -u**3 + u**2 - 2*u**2 - 5 + b*u**2 - u + u**2. List the prime factors of v(4).
7
Suppose -2*o = -5*o - 12. Let h(q) = -3*q**2 - q**3 + 0*q**2 + q**2 + 1 - 3*q - q**2. What are the prime factors of h(o)?
29
Let n(c) = 158*c - 106. List the prime factors of n(24).
2, 19, 97
Suppose -3*y - 27 = -0*v - 4*v, v + 3*y - 3 = 0. Let q(r) = -2*r - 6. Let a be q(-8). Suppose v*l - a = l. List the prime factors of l.
2
Let w = 381 - 381. Let s = 5 - 3. Suppose w = s*v - 29 - 63. What are the prime factors of v?
2, 23
Suppose 19*q - 5835 - 5128 = 0. What are the prime factors of q?
577
Suppose -z = -3*b + 4*b - 207, 5*b = -2*z + 1047. What are the prime factors of b?
211
Suppose 0*p + 2*p - 4 = 0. Suppose -192 = -p*b + 56. List the prime factors of b.
2, 31
Suppose -131*d = -129*d - 5208. What are the prime factors of d?
2, 3, 7, 31
Let w be (10/(-8))/((-2)/16). List the prime factors of (-15)/w - 73/(-2).
5, 7
Let m(i) = -5*i**2 + 4*i**2 - 2*i + 1 - 6*i**2. Let p be m(2). Let z = -16 - p. What are the prime factors of z?
3, 5
What are the prime factors of (53 - 1)/(10*4/180)?
2, 3, 13
Suppose 0 = 2*u - 0 + 2, h - 4*u = 2299. What are the prime factors of h?
3, 5, 17
Let g = 4307 - 2527. What are the prime factors of g?
2, 5, 89
Let f = -35 + 31. Let o be f/5 - (-1368)/(-90). What are the prime factors of (-2 - (4 - o))*-2?
2, 11
Let k be (-1)/3 - -1 - (-3250)/3. Suppose -52 + k = 6*v. List the prime factors of v.
2, 43
Suppose -7 - 3 = -y. Suppose -13*q + 99 = -y*q. What are the prime factors of q?
3, 11
Let d(r) = -r**2 + 9*r - 16. Let h be d(8). Let t be h/(-6)*63/(-14). List the prime factors of 68/3*t/(-4).
2, 17
Suppose 5*b = 4*z - 3 + 9, -5*b + 10 = 0. Let j be (0 - z) + (-3 - -5). List the prime factors of 23 + 0 + (j - -3).
3
Let h = 647 + 275. What are the prime factors of h?
2, 461
Let k(w) = w**3 + 4*w**2 + 3*w + 1. Let m be k(-3). Let j be 5*(-14)/(-5)*m. Suppose -j + 109 = 5*l. What are the prime factors of l?
19
List the prime factors of (7/21)/((-4)/(-12612)).
1051
Suppose 1319 - 11151 = -8*o. What are the prime factors of o?
1229
Let d = 36 + -32. Suppose 6*o - d*z - 210 = 3*o, 4*o - 261 = -z. List the prime factors of o.
2, 3, 11
Let m be 2 + (-7 - -1) + 3. Let o(d) = 74*d**2 + 2*d + 1. Let l be o(m). Suppose -2*s - s + 2*x + l = 0, s - 46 = 5*x. What are the prime factors of s?
3, 7
Let h(g) = 3*g**2 + 20*g + 25. Let o(y) = 7*y**2 + 41*y + 50. Let z(f) = 9*h(f) - 4*o(f). What are the prime factors of z(17)?
2
Suppose 2493 - 859 = 4*n + v, n + v = 407. List the prime factors of n.
409
List the prime factors of (-98)/(-5) - (-22)/55.
2, 5
Let r = -120 - -180. Let c = -37 + r. List the prime factors of c.
23
Let r = 249 - 84. What are the prime factors of r?
3, 5, 11
Let i(g) = 5 + 0 - 6*g + 19*g + 18*g. List the prime factors of i(2).
67
Suppose 25 = -0*b + 5*b. Let r(j) = -2*j + 22. What are the prime factors of r(b)?
2, 3
Let n(x) = 6*x + 21. Let b be n(-3). Suppose -11*c + b*c = -720. What are the prime factors of c?
2, 3, 5
Let z(h) = h**3 - 42*h**2 - h + 85. List the prime factors of z(42).
43
Let c = 101 + 423. What are the prime factors of c?
2, 131
Let g(k) = k**3 + 24*k**2 - 40*k + 72. List the prime factors of g(-22).
2, 3, 5
Let z = -49 - -52. Suppose -150 = -2*j - z*j. What are the prime factors of j?
2, 3, 5
Let h(o) = -19*o**2 - 3*o - 6. Let m(b) = 17*b**2 + 4*b + 7. Let v(c) = -6*h(c) - 5*m(c). Let u be (2/(-6))/((-1)/3). List the prime factors of v(u).
2, 7
Let c(s) = -s**3 + s**2 + 3*s - 3. Let g be c(1). Suppose 3*o = l - 167, -2*l + g*l - 4*o = -304. List the prime factors of l.
2, 79
Let n(x) = -708*x**3 - 17*x**2 - 11*x - 5. What are the prime factors of n(-2)?
3, 1871
What are the prime factors of (0 + -4 + 1448)/1?
2, 19
Suppose 4*t - 11 = 5*o - 28, t + o - 7 = 0. Suppose -3*i - 48 = -3*m, -5*i = m + t*m - 40. List the prime factors of m.
3, 5
Let c = -206 + 324. Let w = c - 69. List the prime factors of w.
7
Let m(f) = f**3 + 30*f**2 - 16*f - 9. What are the prime factors of m(-30)?
3, 157
Let y = -110 + 59. Let n = y - -167. What are the prime factors of n?
2, 29
Let j be 2/8 - 36/16. Let n = j + 35. List the prime factors of n.
3, 11
Let b(a) = -44*a - 1. Let m = 4 - 5. Let n be b(m). Let l = 14 + n. What are the prime factors of l?
3, 19
Let n(s) = 34*s**2 - 30*s + 107. What are the prime factors of n(8)?
3, 227
Suppose z + 13 = 6*z - 2*t, 5 = 3*z - 4*t. Let k(d) = 5*d**2 + 2*d + 1. List the prime factors of k(z).
2, 13
Let o be -2 - (-33 + -2*1). Suppose -5*m = j - 106, 4*m - 2*j - 86 = 10. Let w = o - m. List the prime factors of w.
11
Let i = 21 - -3. Let o be (-297)/(-7) + i/(-56). Suppose 6 + o = 2*u. List the prime factors of u.
2, 3
Suppose -4*c + 1632 = -f, -158 - 250 = -c + 2*f. What are the prime factors of c?
2, 3, 17
Let s be 289/34*50*1. Let r = s - 169. Suppose 0 =